+ 46. Is r(0) prime?
False
Let k(t) = 2*t**3 + 4*t + 5. Let x(z) = -z**3 + 4*z**2 + 2*z - 4. Let v be ((-24)/(-6))/(2 - 1). Let q be x(v). Is k(q) a prime number?
True
Is (-3)/2 - 21875/(-14) prime?
False
Suppose w - 63 = m, m - 5*m + 150 = 2*w. Is w composite?
False
Let m = -10 + 126. Let w be ((-1)/(-2))/((-2)/(-20)). Suppose 0 = n - m + w. Is n a composite number?
True
Let j(i) = 2 + 3*i**2 - 3 - 3*i - 16*i. Is j(14) a prime number?
False
Let n(u) = u - 2. Let q be n(4). Let g(d) = 53*d + 2 - q. Is g(1) a prime number?
True
Let t be (-122)/(-5) + 14/(-35). Let q = t + 23. Is q composite?
False
Is ((-24488)/(-20))/(12/30) prime?
True
Let o(a) = -a**2 - 13*a - 12. Let b be o(-11). Is 7/35 + 968/b prime?
True
Let s = 24 + -25. Is (278/6)/(s/(-3)) a composite number?
False
Let i = -5 - -10. Suppose 7 + 33 = -i*n. Is ((-290)/n)/(1/4) a prime number?
False
Let s = -2610 - -4027. Is s a prime number?
False
Suppose -2*z = -4*z + 6. Let t be ((-2)/(-5))/(z/(-15)). Is (-9)/(-6)*16 - t prime?
False
Suppose -3*f + 523 = 4*l, 5*l - 4*l = -2. Is f prime?
False
Let k be (-6)/(-4) + (-9)/6. Suppose 5*l = 25, -6*o + o - 2*l + 455 = k. Is o prime?
True
Suppose -2*d - 597 = -3*y + d, 0 = 5*y - d - 1011. Is y composite?
True
Let n(p) = p**3 - 11*p**2 + 9*p - 1. Let u be n(10). Let g(w) = -w**3 - 11*w**2 - 2*w + 13. Is g(u) prime?
False
Suppose -4*z = -0*p - 4*p + 8, 4*p + 2*z + 16 = 0. Let f be (-2)/(-1) + p + 2. Is (-3 + f)/((-1)/9) a prime number?
False
Let m(x) = -9*x - 4. Let q = -8 + 8. Suppose q = 6*z - 3*z + 33. Is m(z) a prime number?
False
Let x be (2 - 5)/(-3) + -3. Let q be -3*x/((-2)/(-3)). Is 2/(-3) - (-321)/q composite?
True
Let p = -27 + 30. Suppose -2*w + 2*z = 3*w - 1233, p*z + 985 = 4*w. Is w prime?
False
Let c be ((-21)/(-6))/((-1)/(-2)). Let f = 11 - c. Suppose f*i - 4 = 0, 4*g + 4*i + 94 = 454. Is g composite?
False
Let z(a) = a**3 + 15*a**2 + 13*a - 23. Is z(-12) a composite number?
True
Let a(y) = 4*y**2 + 27*y + 16. Is a(11) prime?
True
Let o(y) = 9*y**2 - 10*y**2 - 5 + 2*y**2 + 6*y + 0*y. Is o(6) a prime number?
True
Suppose 5*t = -b + 277, 23 = t - 2*b - 28. Is t composite?
True
Suppose -h + 3*y + y + 10 = 0, -4*y = 2*h - 20. Suppose 5*k - 5 - h = -2*j, -2*k = j - 6. Let u(p) = 83*p - 2. Is u(k) prime?
False
Suppose 4*o = -3*g - 771 + 2486, -4*g = -20. Let s = 47 - 47. Suppose -q = -5*a + o, -2*a + 5*q + s*q = -170. Is a composite?
True
Let z(y) be the first derivative of 2*y**3/3 - 7*y**2/2 + 6*y + 1. Let s(a) = a**3 + 8*a**2 - 10*a - 4. Let l be s(-9). Is z(l) prime?
False
Suppose n = 6*n - j - 1123, 15 = -5*j. Let p = 134 - n. Let x = p - -175. Is x a prime number?
False
Let s = 13 + -9. Suppose -5*g - 4*z = -365, s*g + z - 217 = 86. Is g composite?
True
Let v(z) = -z**2 - 3*z. Let s be v(-3). Suppose -3*f + 0*f + 1119 = s. Is f composite?
False
Let b be (-4 - -2)*(-11)/2. Let z(n) = 6*n + 3. Is z(b) composite?
True
Let i = 11 + 5. Suppose 4*t - i = -2*f, 0 = -f - t - 7 + 16. Is f a composite number?
True
Let o(x) = 4*x**3 + 2*x - 1. Let y be o(1). Let c(k) = -k + 7. Let s be c(y). Suppose -s*z + 21 = z + 4*f, 0 = 3*z + f - 12. Is z composite?
False
Suppose 2*m = 14 + 8. Is m a composite number?
False
Suppose 3*q = 0, -6184 = n - 5*n + 4*q. Is n composite?
True
Let k = 4 + -2. Is 12*(k/(-8) + 2) a composite number?
True
Suppose 2*z - 3*a = 1517, -2*z - 2*a + 1529 = -a. Is z composite?
True
Let k = 545 + -322. Is k a composite number?
False
Let y = 515 - 304. Let w = y - 42. Is w a composite number?
True
Suppose -40 = d - 173. Let t = d + 10. Is t prime?
False
Let f(g) = -3*g - 7. Let z be f(-3). Let l(u) = -4*u**2 - u + 1. Let i be l(1). Is (z/i)/((-1)/42) a prime number?
False
Suppose -5*m = -278 - 362. Let b(l) = 16*l**2 - 2*l + 3. Let c be b(2). Suppose 0 = k - c - m. Is k a composite number?
False
Let z(c) = 22*c**2 - 1. Let x(o) = o**3 + 8*o**2 + 7*o + 3. Let w be x(-7). Let y = w + -2. Is z(y) prime?
False
Let v(q) = -q + 4. Let s(n) = n**2 + 6*n - 5. Let o be s(-7). Suppose -o*i - 3 = -i. Is v(i) composite?
False
Suppose -2*l + 1397 = 3*n, 0*n + 5*n = 25. Is l a composite number?
False
Let v(l) = 2*l**2 - 5*l + 7. Suppose 0 = -5*r + 7 + 33. Is v(r) a prime number?
False
Let w(l) = -2*l**3 - 5*l**2 + 4*l. Let j be w(-4). Suppose 0 = 4*i - 4*h - 48, -4*h = -3*i - 3*h + j. Is 417/5 - 4/i prime?
True
Suppose g + 0 = 2. Let p(y) = 3*y**3 + y**3 + 3 + g*y - 4*y**2 + y - 4. Is p(2) composite?
True
Let w(x) = x - x**3 + 2*x**3 + 19 + 92. Is w(0) composite?
True
Suppose -61 = 5*r + 44. Let v = 44 - 2. Let u = r + v. Is u a prime number?
False
Let r(h) = 2*h**2 - 2. Let t be r(2). Let n be (t/8)/((-4)/(-16)). Suppose 8*p - 1015 = n*p. Is p composite?
True
Is ((-14188)/(-12) + 0)*(-3 - -6) a composite number?
False
Suppose -5*i - 4*p = -8713, 0 = -2*i + 4*p - 2364 + 5838. Is i composite?
False
Suppose -2*s - 5*h + 18 = -0*s, -3*h = -6. Let o = -24 - -39. Let g = o - s. Is g a composite number?
False
Is (-3 + 4)/(2/470) composite?
True
Suppose 195 = -5*s + 4*a, -9*a + 4*a = -3*s - 104. Let c = -24 - s. Is c prime?
True
Is 0 + 890 + 3/(-3) a composite number?
True
Suppose -5*r - 3 - 2 = 0. Is (-1)/1*-156 - r composite?
False
Is (422/3)/((-6)/(-9)) a prime number?
True
Suppose 0*h + 3*h = 5*o - 701, 0 = -4*o - h + 554. Is o a composite number?
False
Let k(h) be the second derivative of 3*h**5/10 - h**4/12 + 2*h**3/3 - 2*h**2 + 5*h. Is k(3) a prime number?
False
Suppose 0*t = 9*t - 1845. Is t a prime number?
False
Suppose 5*q + 5*r - 1176 = 564, -4*r = q - 351. Is q prime?
True
Let i be (15/10)/(1/2). Suppose -2*n + 0*n = -4. Is 74/i*(n + 1) composite?
True
Suppose -c + 2*u + 12 = 0, 12 = 2*c - 6*c - 4*u. Suppose 216 = 4*s - 4*i, 0 = -s - c*i - 3*i + 24. Is s a prime number?
False
Suppose 2*p + 0*p = -98. Let c = 79 + p. Suppose -f - f = -c. Is f composite?
True
Let n be 6/(-12) - 9/(-2). Suppose 3*u = u + n. Suppose u*p - 2*l - 35 = 1, -3*l = -p + 16. Is p a prime number?
True
Let b(v) = 52*v**2 - v. Let g(o) = -o. Let x(y) = b(y) - 2*g(y). Is x(-1) composite?
True
Let m(l) = -69*l**3 + 2*l**2 - 2*l - 1. Is m(-2) a composite number?
False
Suppose 2*u = -s + 4, -2*s - 3*u = -2*u - 5. Is s/(824/(-413) - -2) composite?
True
Suppose 4*j - 384 = -4*o, 0*j - 3*o - 258 = -3*j. Is j a composite number?
True
Let x be 18/30 - (-4766)/(-10). Is x/(-10) + (-12)/20 prime?
True
Is 763/3 + -2 + 5/3 a prime number?
False
Let g(v) = -6*v**2 + 5*v - 2. Let t be 2 + 2 + (-2)/2. Let x be g(t). Let c = x + 60. Is c composite?
False
Let q = 11 - 7. Let p = q - 0. Suppose 0 = -t + 4*i + 18, p*t = -5*i + 56 - 5. Is t a composite number?
True
Let k(o) = o**2 - 3*o + 6. Let y be k(7). Let z(r) = 4*r**2 - 3*r. Let x be z(5). Let d = x - y. Is d a prime number?
False
Let y(t) = -40*t + 2. Let q be y(-2). Let n = q - 47. Is n composite?
True
Let z = -2 - -3. Is 0 + 2 - z - -34 a prime number?
False
Let u = -379 - -696. Is u a composite number?
False
Let z = 1253 + -868. Suppose l - z = -2*d, -1195 = -3*l - 2*d + 6*d. Is l a prime number?
False
Let f = 792 - 434. Is f a composite number?
True
Let b be 2/(-3)*-3 + -55. Suppose 2*r + 5*d - 3 = 3*r, -3*r - 4*d = -10. Let q = r - b. Is q a composite number?
True
Let f = -4799 + 6844. Is f composite?
True
Let x = 5 - 11. Let o = -11 - x. Let w(f) = f**3 + 5*f**2 - 5*f - 2. Is w(o) composite?
False
Let p(v) = v**3 - 6*v**2 + 6*v + 5. Let t(q) = -4*q**3 + 23*q**2 - 24*q - 20. Let y(b) = 9*p(b) + 2*t(b). Suppose -2*s - 2 = -18. Is y(s) prime?
True
Suppose 10 = h + h. Suppose -2*j - 7 = h. Let n = j - -45. Is n composite?
True
Let k(p) = -p**3 - 2*p**2 - 2*p - 4. Let u(i) = 3*i**3 + 5*i**2 + 5*i + 9. Let q(a) = -5*k(a) - 2*u(a). Is q(-5) a composite number?
False
Suppose 0 = -4*x + 3 - 19. Let r = -9269 + 6188. Is (-1)/x + r/(-12) prime?
True
Let c be -1 - (-3 + -1) - 0. Let i(g) = -3*g**3 + 7*g**2 + 4*g. Let t(u) = 4*u**3 - 8*u**2 - 4*u - 1. Let p(y) = 5*i(y) + 4*t(y). Is p(c) composite?
True
Let g = 1 + 4. Suppose 3*m + 144 = 3*k, -k + 2*k - 66 = -g*m. Is k prime?
False
Let r = -10 + 17. Is (79/(-4))/(r/(-56)) a composite number?
True
Let f(s) = 7*s**2 - 9*s - 5. Let q be f(9). Let x = q + -208. Suppose -2*h = h - x. Is h a composite number?
True
Let j(p) = -6*p - 7. Is j(-9) composite?
False
Suppose 0 = -7*u - 5*u. Let